 Let n = -8236 + 8251. Calculate the remainder when l(-2) is divided by n.
5
Let i be (-3 + 1)*1 - (1 - -7). Let g = i - -12. Calculate the remainder when 46 is divided by -20*(12/(-5))/g.
22
Suppose -2*o = 3*f + 2*o - 44, f - 23 = -3*o. What is the remainder when 313 is divided by 83 - (f/14)/(2/14)?
76
Let z(t) = -t**3 + 21*t**2 - 2*t + 50. Let l be z(21). Suppose -2*p + l*p - 234 = 0. Calculate the remainder when p is divided by (-3)/(-6*5/50).
4
Let l be (-4)/6*(2 - 20). Suppose 0 = 3*x - 5*a - 89, -x - a + 56 = 21. Calculate the remainder when x is divided by l - (2 - (-2 + 4)).
9
Let r = -647 - -963. Suppose 33*b = 278 + r. What is the remainder when 70 is divided by b?
16
Suppose 104*u - 1037 = 43*u. What is the remainder when 452 is divided by u?
10
Suppose -4*r - 6515 - 1686 = -5*x, -3*x = 3*r - 4899. Calculate the remainder when x is divided by 163.
7
Let l = 68 - 64. Suppose l*b = -65 - 7. Let g = b - -26. Calculate the remainder when 14 is divided by g.
6
Let t = 4 - 0. Suppose t*b - 2*b = 8. Suppose 6*u - 15*u = -54. Calculate the remainder when u is divided by b.
2
Let z be (-1)/(7/(-2212)*2). Suppose 12*f + z = 494. What is the remainder when 59 is divided by f?
3
Suppose 0*f + 4*u = f + 4, -3*u = -4*f + 10. Let c = -343 - -358. Calculate the remainder when c is divided by (f - -2) + (1 - -1).
7
Let o(g) be the second derivative of g**4/6 - 2*g**3/3 + 11*g**2/2 + 39*g. What is the remainder when o(4) is divided by (-3)/(6*(-3)/60)?
7
Suppose 8702*b + 1377 = 8753*b. Let c(p) = 61*p - 4. What is the remainder when c(4) is divided by b?
24
What is the remainder when ((-2202)/(-12))/(7497/576 + -13) is divided by 135?
134
Let r(o) be the first derivative of o**3 - 8*o**2 - 232*o + 141. What is the remainder when r(-9) is divided by 32?
27
Let c = -90 - -105. Let j(t) = 2*t**3 - 28*t**2 - 24*t - 35. What is the remainder when j(c) is divided by 12?
7
Calculate the remainder when 295 is divided by ((-64)/(-40))/(12/165).
9
Suppose 4*c = 3*v + 1047 + 712, -3*c - 3*v + 1335 = 0. What is the remainder when c is divided by 49?
1
Let u = -149 - -151. Suppose -5*h - 5*t + 15 = -90, -2*h + 46 = -u*t. Calculate the remainder when -82*(-1)/2 - -2 is divided by h.
21
Calculate the remainder when 173 is divided by (((-152)/20)/(36/(-45)))/(12/48).
21
Suppose 0 = 28*w - 26 - 86. Suppose -4*c = -0*k - 5*k + 144, -k + 16 = -w*c. What is the remainder when 125 is divided by k?
29
Suppose 3*q - 8*o + 67 = -3*o, -3*q = 5*o + 47. What is the remainder when (18 - 19)/(1/q) is divided by 4?
3
Let m = 7966 + -7408. Calculate the remainder when m is divided by 20.
18
Suppose -20 = -5*o + 2*z, -9 = 4*o - o + 3*z. Suppose 110 = b + 3*b + 5*i, -o*b = 4*i - 58. Calculate the remainder when 42 is divided by b.
17
Let t(q) = 28*q - 139. Let f be 6 - ((-40)/5)/(-2). What is the remainder when (4 - -52) + f + -1 is divided by t(6)?
28
Let g = 3414 - 3326. Calculate the remainder when 254 is divided by g.
78
Let v(g) = -2*g**3 + 2*g + 2. Let r be -2*12/16*12/9. Calculate the remainder when ((-26)/(-4))/(5/20) is divided by v(r).
12
Let w be ((-4)/(-2) - 2) + 40. Suppose -n - w = -6*n. What is the remainder when 56 - (17 - 10 - 13) is divided by n?
6
Suppose 7*u - 42 = 0, 3*i - 28*u + 30*u - 24603 = 0. Calculate the remainder when i is divided by 2.
1
Suppose 0 = -4*n - 2*a + 468, n - 5*a - 70 = 36. What is the remainder when n is divided by 32?
20
Suppose -4*f - 170 = -x, 29*f - 42*f - 504 = -3*x. Calculate the remainder when x is divided by 65.
64
Suppose -4*n + z = -n - 414, 5*z = -15. Let q(a) = 16*a**2 + 2*a + 12. Let y be q(4). Suppose -58*h + y = -52*h. What is the remainder when n is divided by h?
45
Suppose 2*w - 4*d = 768, 201 = 2*w + 3*d - 560. Calculate the remainder when w is divided by 123.
13
Suppose 5*y - 83 = 3*t + 264, -4*t + 4 = 0. Calculate the remainder when 825085/6110 - (-5)/(-130) is divided by y.
65
Let f = 1455 - 1402. Calculate the remainder when f is divided by 12/15 - 198/(-15).
11
Let v(f) = 24*f - 161. Let y be v(18). Let j = -87 + y. What is the remainder when j is divided by 6?
4
Let s(v) = v**2 + 6*v - 6. Let t(o) = -10*o - 88. Let w be t(-9). Calculate the remainder when 19 is divided by s(w).
9
Calculate the remainder when ((-26 - 22987) + -21)/(-6) is divided by 167.
165
Suppose 0 = 4*f - 6*f + a + 12, -25 = -5*f + 5*a. What is the remainder when 40 is divided by f/(-2)*(-1 + -3)?
12
Let j = 183 + -391. Let i = 219 + j. Let m(q) = 43*q**2 + 2*q + 1. Calculate the remainder when m(-1) is divided by i.
9
Let p be 1/((-64)/(-30344)) - 1/8. Suppose 0 = 5*n - 2*y - p, 0*y = -5*n - 3*y + 464. Calculate the remainder when n is divided by 8.
6
Let q(l) = -13*l - 98. Let r be q(-12). Suppose -174 = -r*o + 55*o. Calculate the remainder when o is divided by 5.
3
Let g(q) = -q**3 + 6*q**2 + 6*q. Let k = 132 - 129. Suppose 0 = -k*y + 2*c + 50, 27 = 3*y - c - 28. What is the remainder when g(5) is divided by y?
15
Suppose 2*b + 14 = -4*w - 4, -3*b = 4*w + 21. Let f(r) = 2*r + 57. What is the remainder when f(w) is divided by 28?
23
Suppose -18*s - 161 = -41*s. Calculate the remainder when 12 is divided by s.
5
Let n = -10321 - -17500. Calculate the remainder when n is divided by 171.
168
Suppose 3*h + j + 1760 = 526, -2062 = 5*h + 3*j. Let c = 35 + h. Let v = -256 - c. What is the remainder when v is divided by 10?
9
Calculate the remainder when 6/(-2) + (42 - 36) - -760 is divided by 35.
28
Suppose -4*o + 3 = -3*o. Suppose -o*n - 60 = -7*n. What is the remainder when 22 is divided by n?
7
Let y be -1 - -1 - (-218 - (0 + 5)). Suppose -27*q = -y - 371. Calculate the remainder when (-20)/(-2)*11/2 is divided by q.
11
Let j be ((-207)/27 + 8)*93. Suppose 3*l + 0*l = -2*d + j, 3*l - 2*d = 11. Calculate the remainder when 19 is divided by l.
5
Suppose -54*c = 16*c - 180 - 730. Suppose s + 4*s = 230. Calculate the remainder when s is divided by c.
7
Suppose -3*h + 6 = -3. Let u be 6 + -3*(-3 + 6)/h. Suppose 2*y + 3*v - 31 = -6, 5*y = u*v + 52. What is the remainder when 23 is divided by y?
1
Let c(b) = b**2 + 2*b + 3. Suppose -4 = -0*l + l. Let z(i) = 4029*i + 43. What is the remainder when z(0) is divided by c(l)?
10
Let o(d) = -d**3 + 11*d**2 - 4*d + 35. Let t be o(12). Let q = -322 - t. Let z = 300 + q. What is the remainder when z is divided by 36?
27
Let o = 7 - 12. Calculate the remainder when 48/2 - (o - -8) is divided by 38/4 + -2*27/(-36).
10
Calculate the remainder when 468 is divided by ((-6)/10)/((-12)/3540*3/1).
55
Let p(q) = q**3 - 5*q**2 - 8*q - 4. Let t(u) = 10*u**2 - 6*u - 7. Let b be t(-7). Suppose -32 = -b*h + 523*h. Calculate the remainder when p(7) is divided by h.
6
Let c(s) = -239*s - 315. What is the remainder when c(-3) is divided by 132?
6
Suppose 3*r + 595 = 4*z + 149, 4*z = 4*r + 444. Calculate the remainder when 363 is divided by z.
24
Let c = 405 + -244. Suppose -v - c = -454. Suppose 5*p - v = 3*d, -2*p + 117 = -0*p - d. Calculate the remainder when p is divided by 15.
13
Let i(n) = -34*n + 3208. What is the remainder when i(68) is divided by 9?
5
Let n = -238 - -236. Calculate the remainder when 6 - (n + -1 - 188) is divided by 41.
33
Let a = -303 + 305. Let l(g) = g**2 + 7*g + 2. Suppose 0*f = 4*f - 3*c - 32, -8 = -f - 2*c. What is the remainder when l(a) is divided by f?
4
Suppose -481 = -72*d + 383. What is the remainder when 72 + 6 - -6 - 12/4 is divided by d?
9
Suppose -21 = 3*r + 3*n, 9*r - 4*n - 4 = 5*r. Calculate the remainder when 305 is divided by (23 - 5) + 2 + r.
16
Let f(c) = -c**3 + 58*c**2 + 270*c + 50. Calculate the remainder when 4251 is divided by f(62).
9
Let y(k) = -k**2 + 7*k - 7. Let c = 28 + -23. Let o be y(c). Suppose 0*d + 51 = o*d. Calculate the remainder when 49 is divided by d.
15
Let u be (13 - (-1 + 6)) + -6. Suppose u*z + 3*k - 23 = 0, -z + 68 = 4*z + 4*k. What is the remainder when 51 is divided by z?
3
Let y(l) = l**2 - 353*l - 2486. Calculate the remainder when 1956 is divided by y(-7).
18
Suppose 2*q - 136 = 4*y, 0 = 4*q + 2*y - 188 - 44. Calculate the remainder when 177 is divided by q.
57
Let z(y) = -y**2 + 9. Suppose 3*m + 2 = 5. What is the remainder when 3*31/(-6)*m*-2 is divided by z(0)?
4
Let s(z) = 20*z**2 - 77*z + 5. Let a be s(7). Let b = a + -430. Let k = -18 - -81. C